 5*r. Let z(n) = n - 7. Let f(w) = 3*w - 21. Let l(k) = 2*f(k) - 7*z(k). Calculate l(r).
2
Let z(g) = -g**3 - 5*g**2 + 5*g - 4. Suppose -3*a = -2*j - 11, -5*a + 8 = 4*j - 3. Suppose -25 = a*s - 7. Give z(s).
2
Let z(m) = -m**3 - 3*m**2 - m. Let y be 1 - 2/((-4)/2). Let h(t) = -2*t + 2. Let c be h(y). Calculate z(c).
-2
Suppose -2*x = -4*v - 4, -4*x = 3*v - x - 6. Let n(b) be the first derivative of -b**4/4 + b**2/2 - 5*b - 6. What is n(v)?
-5
Let p(j) = 4*j - 14. Let w(g) = -2*g + 7. Let x(o) = -4*p(o) - 9*w(o). Determine x(5).
3
Suppose 3*w - 5*w = 10. Suppose -4*c + c + i = -11, -4*i - 4 = -4*c. Let p(d) = -14*d**2 + 15*d**2 - 1 + c*d - d. Give p(w).
4
Suppose -2*p = -0*j + 5*j - 71, -22 = -2*j - 4*p. Suppose -4*n + 3 = j. Let m(b) = -3*b - 3. Give m(n).
6
Suppose -5*d + j + j = 17, -2*d = 2*j + 4. Let l(o) = -2*o**2 + o + 2. Determine l(d).
-19
Let i(m) = -m**3 - 4*m**2 - 7*m + 1. Let h(w) = 2*w**3 + 9*w**2 + 13*w - 4. Let n(z) = -3*h(z) - 5*i(z). What is n(-6)?
-5
Let h = 5 + 7. Let b(j) = -3*j**2 - 4 - 4*j + 8*j**2 + 4*j**3 - h*j**3. Let t(p) = 8*p**3 - 6*p**2 + 5*p + 5. Let r(n) = -5*b(n) - 4*t(n). What is r(-1)?
-9
Let t = -13 - -17. Let z(v) = -t*v**3 - 2*v**2 + 5*v + 0*v**2 + 0*v**2 - 2 + 3*v**3. Let d = 10 + -14. What is z(d)?
10
Let i(d) = d + 4. Let t = 29 + -35. Give i(t).
-2
Let k = 4 + -5. Let p(x) = x - 5*x - 1 + 2*x. What is p(k)?
1
Let m(o) = -o**2. Let g(q) = 2*q**2 + 5*q. Suppose 2*a + 8 = -0*a. Let u be 1*6/(-8)*a. Let z(h) = u*m(h) + g(h). Give z(5).
0
Let h(d) be the first derivative of d**2 - d + 10. Give h(-3).
-7
Let w(j) = j - 11. Let q be (-3)/12 - (-45)/4. Let o be w(q). Let z(y) = -y**3 - y + 6. Give z(o).
6
Let t(v) = -v - 8. Suppose -w - 2 = -2*j, j + 0 + 2 = w. Determine t(w).
-14
Let t(f) be the second derivative of f**2 + 5*f + 1/2*f**3 + 0. Calculate t(-4).
-10
Let q(h) = -h - 9. Suppose -s + 0*j - 2 = -2*j, -j = 2*s - 1. Let o(l) = l**3 - l**2 - 5. Let n be o(s). Give q(n).
-4
Let t(b) = -4*b**3 + 9*b**2 - 6*b - 7. Let r(o) = -3*o**3 + 8*o**2 - 6*o - 6. Let q(z) = 5*r(z) - 4*t(z). What is q(-5)?
3
Let w be (1/(-2))/(11/(-12) - -1). Let z(i) be the first derivative of i**2 + 4*i - 1. Give z(w).
-8
Let o(i) be the third derivative of i**6/120 + i**5/30 - i**3/6 - 14*i**2. What is o(-2)?
-1
Let f(j) = -12*j**2 - 8*j - 3. Let i(k) = -8*k**2 - 5*k - 2. Let p(g) = 5*f(g) - 8*i(g). What is p(1)?
5
Suppose -5*t + 10 = -20. Let m be 6/2*(-14)/t. Let h be 5/m - (-8)/(-28). Let y(r) = -4*r**3 - 2*r**2 - 2*r - 1. What is y(h)?
3
Let m = 17 - 13. Let d(y) = m*y + 3 - 14*y - y**2 + 12*y. Determine d(-2).
-5
Let v(i) be the third derivative of -i**2 + 0 - 1/60*i**5 + 1/6*i**3 + 1/12*i**4 + 0*i. Give v(4).
-7
Let q(x) = -x**2 - 3*x + 3. Let r be 9/((-27)/(-6))*-2. Calculate q(r).
-1
Let k(o) = -o + 8. Let y(d) = d**3 - d**2 + 6. Let j(b) = b + 9. Let s be j(-9). Let u be y(s). Give k(u).
2
Let x(w) be the second derivative of 1/2*w**2 + 0 - 1/3*w**3 - 3*w. Calculate x(-3).
7
Let k(o) = -2*o**2 + o + 2. Suppose -5*d - 5*p - 29 = -8*d, 2*d + 3*p + 6 = 0. Suppose d*n = -4*y + 10, n = 2*y - 17 + 7. Determine k(n).
-8
Let z = 22 + -20. Let q(w) = 4*w**2 - w**2 + 3*w + 1 + 3*w**z - 2*w**2. Give q(-2).
11
Let g(w) = -4*w + w**2 + 7*w + 2*w + 0*w + 5. Give g(-6).
11
Suppose 0 = -0*j + 5*j - 20. Let x(v) = 4*v - 3. Let r(p) = p. Let t(l) = 3*r(l) - x(l). Calculate t(j).
-1
Let t be 0/(-1) - (0 + -2). Let l(i) = -1 - 6*i + 2*i**t + 6*i. Give l(1).
1
Let m(v) = -2*v**3 - 8*v**2 + 2*v**3 - v + 8 - v**3 + 2*v. Determine m(-8).
0
Suppose 3*z - 5*z = -p + 10, 0 = -4*p - 4*z + 4. Let v(m) = p + 0*m + 2*m**2 - 2 + m**2 + 3*m. Give v(-2).
8
Let p(m) = -1. Let h(i) = -i**2 + 4*i + 5. Let r(n) = h(n) + 2*p(n). Let w be (-1)/((2/(-5))/2). What is r(w)?
-2
Let v(x) = -11*x**3 + 2*x**2 + 6*x - 9. Let q = 9 - 6. Let w(y) = -3 + 2 + y**2 - 5*y**3 - q + 0 + 3*y. Let t(j) = 4*v(j) - 9*w(j). What is t(3)?
9
Suppose 0 = 2*r - 4. Suppose 3*x + 17 = r. Let w(p) be the first derivative of -p**3/3 - 2*p**2 + 7*p - 1. Calculate w(x).
2
Suppose -2*i - i + 19 = -5*h, -5*i - 3*h = 25. Let x(b) = 2*b**2 - b. Give x(i).
10
Let b(a) = -1 + 7*a**2 + 2*a**2 - 2*a**2. Let n(z) = -2*z + 33. Let c be n(16). What is b(c)?
6
Let k(x) = -x + 2. Let h be -4 + (6 - (-5 + 7)). What is k(h)?
2
Let a(r) = -r**3 + r**2 - r. Let w(b) = 4*b**3 + b**2 + 17*b - 1. Let j(v) = -5*a(v) - w(v). Determine j(8).
33
Let u(v) = 3*v**2 - 4*v**2 + 4 + 0*v**2. Suppose -14 = -5*n - 3*b, -n - 5*b - 26 = -5*n. Suppose 16 = n*p, -2*c + 14 = 2*p + 6. What is u(c)?
4
Let g(z) = -2*z + 7. Let v(u) be the third derivative of -u**6/20 - u**5/30 - u**4/12 - u**3/6 - 6*u**2. Let t be v(-1). Give g(t).
-3
Let o = -9 - -13. Suppose 4*s - 6*s + 4 = 0. Suppose 0 = -s*d + o*d. Let q(v) = v**2 - v + 8. Calculate q(d).
8
Suppose 6 = -0*s - 3*s. Let t(b) = 2*b**2 + 4 - 2 + 2*b + b**2 + 0 + b**3. Calculate t(s).
2
Let r(p) = -1 + 6 + 0 - p + 3. Give r(10).
-2
Let i(d) = -3*d**2 + d + 7. Let s(f) = -10*f**2 + 4*f + 20. Let l(w) = -7*i(w) + 2*s(w). What is l(0)?
-9
Let o(r) be the third derivative of r**6/120 + r**5/20 - r**4/6 - 2*r**3/3 + r**2. Let y = 29 + -20. Let j = 6 - y. Determine o(j).
8
Suppose -4*z = -4*c + 36, 3 - 6 = 3*c + 3*z. Let p(n) = -1 - n**3 - 2*n**2 - 19*n + 21*n + 0 + c. Let a be (2 - -1)/(3/(-2)). Determine p(a).
-1
Suppose 4*x + 0*x = 8. Let p(s) = -3*s + x*s - 3 + s**2 - s + 3*s. Determine p(-4).
9
Let y = 113 + -104. Let p(o) = -o**3 + 9*o**2 + o - 6. What is p(y)?
3
Let m(v) = -3*v - 8. Suppose n - p - 25 = 0, p + 92 = 4*n + 5*p. Suppose 7*b - 3*b + n = 0. What is m(b)?
10
Let z be (-1 + 2)/(2/(-10)). Let f(y) = -y + 2*y**2 + 2*y**2 + 3 - 3*y**2. Let s(c) = -3*c**2 + 2*c - 6. Let o(w) = z*f(w) - 2*s(w). Calculate o(0).
-3
Let j(s) be the third derivative of s**6/60 - s**5/15 + s**4/8 + 5*s**2. Let r(y) = y**2 - 7*y - 6. Let v be r(8). What is j(v)?
6
Let p(c) = -2*c - 3*c - c - 23*c**2 + 24*c**2 + 5. What is p(4)?
-3
Let k(s) = 4*s**2 + 17*s - 18*s - s**3 + 0*s**3 + 1. Determine k(3).
7
Let t(z) = -4*z**2 - z + 4. Let a be t(3). Let h be (-2)/8 + a/20. Let q(l) = -l**3 + l**2 + l + 1. What is q(h)?
11
Let d(w) = -6*w + w + w. Give d(-5).
20
Let m = -12 + 30. Let r be (-4)/m + (-188)/(-36). Suppose -3*o = -2*o - r. Let b(n) = n - 4. Calculate b(o).
1
Let f(x) = 3*x - 4. Let m(d) = 20*d - 24. Let g(u) = -u + 1. Let r(k) = 4*g(k) + m(k). Let l(v) = 11*f(v) - 2*r(v). What is l(4)?
0
Let k(r) = 8*r + 21*r**2 - 2 - 2*r - 22*r**2 - 1. What is k(7)?
-10
Let c(g) = -g**3 - 6*g**2. Suppose 0 = 4*q + q + 4*x + 5, -5*x + 40 = -3*q. Calculate c(q).
-25
Suppose -2*m - 3*m + 20 = 0. Suppose -3*o + 9 = 3. Let v(z) = 7 + z**o + 3 - m. What is v(0)?
6
Let h(o) = 3*o. Suppose 0 = -2*z - 3*z + 50. Let j be (9 - z)/(1/2). Give h(j).
-6
Let g(v) = -v - 3*v - 4 + 3*v. Suppose -b = -5*i - 23, 6*b + 5*i = b + 25. Suppose 0*d + 4*d + b = 0. What is g(d)?
-2
Let m(w) = 5*w**3 + w**2. Let x = -8 + 14. Let y = x - 0. Let v = 5 - y. Give m(v).
-4
Let v = -4 - -5. Let u = 2 + v. Let y(q) = -10*q + u - 2 + 5*q. Determine y(1).
-4
Let o(j) = -j**3 + 3*j**2 - 4*j - 2. Let c(v) = -v**3 + 2*v**2 - 4*v - 2. Let y(q) = 2*c(q) - 3*o(q). Determine y(4).
2
Let a(i) = -i**3 + 5*i**2 + 6*i - 5. Let b be (-2)/6 - 44/12. Let p be (0 - -2 - b) + 0. Calculate a(p).
-5
Let n(x) be the first derivative of -x**4/4 - 11*x**3/3 + 2*x - 2. Determine n(-11).
2
Let s(n) = -n**3 - 7*n**2 - 4*n. Let w(q) = 2*q + 12. Let z be w(-9). What is s(z)?
-12
Let h(n) = -3 - 5 + n**2 + n**3 + 3. Determine h(0).
-5
Let p(a) = -a**2 + 12*a + 2. Let z be p(12). Let m(s) = 4 - 2 - z*s + 5. Let h be -4*((-4)/8 - 1). Determine m(h).
-5
Let b(j) = 7*j**2 - 5*j - 4. Let w(s) = -13*s**2 + 9*s + 8. Let l(z) = 11*b(z) + 6*w(z). Suppose -3*t = -4*t + 1. Let n = 1 - t. What is l(n)?
4
Let y(i) be the first derivative of -3 - 5*i + i**2 + 2*i + 2. Let v(b) = -b**2 - 6*b - 1. Let d be v(-5). Determine y(d).
5
Suppose -2 = o + 4*g + 12, 4*g = -3*o - 18. Let b = 1 - -5. Let w(z) = z - 3*z**2 - z**2 + b*z**2 + 1. Determine w(o).
7
Let n(y) = 5*y + 8 - 6*y + 2*y. Let b(f) = f**3 - 16*f**2 + 16*f - 21. Let x be b(15). Give n(x).
2
Let m(h) = h**3 - 10*h**2 + 9*h - 6. Let i be m(9). Let a(o) = o**3 + 7*o**2 + 4*o - 2. What is a(i)?
10
Let j(m) = -3*m + 7. Suppose 3 =